97, 418997
List the prime factors of 16499744.
2, 509, 1013
List the prime factors of 224732862.
2, 3, 23, 647, 839
What are the prime factors of 7697593155?
3, 5, 7, 71, 1032541
What are the prime factors of 143817068?
2, 23, 1563229
List the prime factors of 752472418.
2, 1823, 206383
List the prime factors of 7100674.
2, 7, 31, 16361
List the prime factors of 846302052.
2, 3, 6577, 10723
What are the prime factors of 31021895?
5, 6204379
What are the prime factors of 1699781614?
2, 2381, 356947
What are the prime factors of 28136222?
2, 23, 611657
What are the prime factors of 109366366?
2, 29, 1885627
List the prime factors of 4276034484.
2, 3, 41, 8691127
What are the prime factors of 337485601?
23, 97, 6577
What are the prime factors of 347266653?
3, 53, 2184067
List the prime factors of 479066845.
5, 313, 443, 691
What are the prime factors of 1817804855?
5, 11789, 30839
What are the prime factors of 939959206?
2, 17, 1626227
List the prime factors of 80371372.
2, 307, 65449
List the prime factors of 29677343.
29677343
What are the prime factors of 80184761?
80184761
List the prime factors of 1540768213.
151, 10203763
What are the prime factors of 159356983?
79, 2017177
List the prime factors of 49108316.
2, 53, 231643
List the prime factors of 3340332167.
3340332167
List the prime factors of 566633936.
2, 11, 17, 229, 827
List the prime factors of 1963696731.
3, 1549, 422573
List the prime factors of 228189942.
2, 3, 12677219
List the prime factors of 824126003.
43, 149, 128629
What are the prime factors of 42829221?
3, 59, 241973
List the prime factors of 453120630.
2, 3, 5, 109, 138569
List the prime factors of 36176414.
2, 18088207
What are the prime factors of 1646893705?
5, 329378741
List the prime factors of 193958316.
2, 3, 5387731
What are the prime factors of 131020766?
2, 149, 439667
What are the prime factors of 73253836?
2, 18313459
List the prime factors of 48523649.
31, 139, 11261
What are the prime factors of 1749949136?
2, 13, 1627, 5171
What are the prime factors of 128905114?
2, 13, 37, 47, 2851
List the prime factors of 977216581.
11, 43, 2065997
What are the prime factors of 397658437?
11, 36150767
List the prime factors of 390130817.
390130817
List the prime factors of 158268367.
1103, 143489
What are the prime factors of 5058271430?
2, 5, 257, 1968199
What are the prime factors of 77034878?
2, 97, 109, 3643
List the prime factors of 4561437286.
2, 7, 325816949
What are the prime factors of 51282476?
2, 7, 1831517
What are the prime factors of 371003621?
211, 1758311
List the prime factors of 192340653.
3, 64113551
List the prime factors of 347838308.
2, 86959577
List the prime factors of 204576842.
2, 102288421
List the prime factors of 5164322.
2, 2582161
List the prime factors of 136032377.
13, 10464029
List the prime factors of 1821349421.
907, 2008103
What are the prime factors of 75688605?
3, 5, 541, 3109
List the prime factors of 438903888.
2, 3, 9143831
What are the prime factors of 63127720?
2, 5, 1578193
What are the prime factors of 3679094461?
7, 525584923
List the prime factors of 110406548.
2, 7, 3943091
List the prime factors of 59529743.
7, 13, 50321
List the prime factors of 252112043.
37, 53, 128563
What are the prime factors of 6052467838?
2, 31, 43, 757, 2999
List the prime factors of 4808311186.
2, 7, 29, 127, 93253
What are the prime factors of 246733210?
2, 5, 24673321
What are the prime factors of 35848641?
3, 11949547
List the prime factors of 175143928.
2, 17, 281, 4583
List the prime factors of 8901501.
3, 7, 83, 5107
List the prime factors of 288258340.
2, 5, 14412917
List the prime factors of 215329656.
2, 3, 8972069
List the prime factors of 6033106852.
2, 1508276713
List the prime factors of 243767894.
2, 113, 571, 1889
List the prime factors of 1664810503.
1664810503
List the prime factors of 392089413.
3, 130696471
What are the prime factors of 242389986?
2, 3, 179, 225689
List the prime factors of 2604188431.
13, 19, 41, 131, 151
What are the prime factors of 30719016?
2, 3, 31, 13763
What are the prime factors of 2269719684?
2, 3, 29, 31, 97, 241
What are the prime factors of 1436848351?
61, 1249, 18859
What are the prime factors of 183559082?
2, 7, 13111363
What are the prime factors of 2091100134?
2, 3, 11261, 30949
What are the prime factors of 3287277768?
2, 3, 136969907
What are the prime factors of 50473323?
3, 17, 329891
List the prime factors of 23229384.
2, 3, 103, 9397
What are the prime factors of 30134934?
2, 3, 1674163
What are the prime factors of 121672134?
2, 3, 67, 233, 433
List the prime factors of 116963716.
2, 29240929
What are the prime factors of 572430130?
2, 5, 29, 1973897
What are the prime factors of 522457237?
521, 1002797
What are the prime factors of 4908537?
3, 83, 6571
What are the prime factors of 282759235?
5, 11, 19, 270583
What are the prime factors of 21846212?
2, 2333, 2341
List the prime factors of 3217638025.
5, 7, 17, 31, 139, 251
List the prime factors of 36567009.
3, 449, 9049
List the prime factors of 183907986.
2, 3, 53, 578327
List the prime factors of 3429294.
2, 3, 11, 223, 233
List the prime factors of 127961496.
2, 3, 13, 136711
What are the prime factors of 578056738?
2, 7, 401, 102967
List the prime factors of 6409927.
313, 20479
What are the prime factors of 477585510?
2, 3, 5, 15919517
List the prime factors of 1288448202.
2, 3, 214741367
What are the prime factors of 634314209?
47, 2903, 4649
List the prime factors of 482727694.
2, 47, 5135401
List the prime factors of 2775445558.
2, 19, 23, 3175567
What are the prime factors of 1062732158?
2, 23, 67, 344819
What are the prime factors of 555348842?
2, 277674421
What are the prime factors of 1065184?
2, 33287
What are the prime factors of 42921523?
42921523
List the prime factors of 425885539.
4931, 86369
List the prime factors of 104417785.
5, 47, 233, 1907
List the prime factors of 847139345.
5, 13, 43, 303091
What are the prime factors of 38220839?
3617, 10567
List the prime factors of 724698619.
1949, 371831
List the prime factors of 98226193.
13, 47, 373, 431
What are the prime factors of 6647248774?
2, 3323624387
What are the prime factors of 279235086?
2, 3, 13, 487, 7351
What are the prime factors of 4092768926?
2, 523, 3912781
What are the prime factors of 125315975?
5, 43, 2711
List the prime factors of 694828725.
3, 5, 2887, 3209
List the prime factors of 1759025481.
3, 953, 615259
List the prime factors of 92272538.
2, 509, 90641
List the prime factors of 510293690.
2, 5, 641, 79609
What are the prime factors of 114794319?
3, 17, 2250869
What are the prime factors of 407024730?
2, 3, 5, 7, 31, 6947
List the prime factors of 1002637114.
2, 23, 61, 357319
List the prime factors of 28729782.
2, 3, 532033
What are the prime factors of 1201521892?
2, 41, 73, 100361
What are the prime factors of 2017228481?
3083, 654307
List the prime factors of 690443327.
7, 98634761
List the prime factors of 49630074.
2, 3, 13, 636283
List the prime factors of 11739815.
5, 19, 191, 647
List the prime factors of 73907247.
3, 24635749
What are the prime factors of 2692919960?
2, 5, 67322999
What are the prime factors of 601637728?
2, 1223, 15373
What are the prime factors of 425442704?
2, 101, 263269
What are the prime factors of 926171872?
2, 19, 31, 49139
List the prime factors of 338111085.
3, 5, 13, 1733903
List the prime factors of 119626283.
7, 17089469
List the prime factors of 94743935.
5, 11, 13, 10193
List the prime factors of 354471946.
2, 281, 630733
List the prime factors of 289046540.
2, 5, 14452327
List the prime factors of 238897906.
2, 13, 17, 19, 28447
What are the prime factors of 26117357?
7, 199, 18749
List the prime factors of 239230807.
239230807
List the prime factors of 9259729.
29, 83, 3847
List the prime factors of 3058072213.
7, 263, 359, 661
List the prime factors of 886539370.
2, 5, 23, 71, 233
What are the prime factors of 1923515215?
5, 103, 257, 14533
What are the prime factors of 2917387253?
11, 1193, 222311
What are the prime factors of 170959526?
2, 127, 673069
What are the prime factors of 1122426365?
5, 224485273
List the prime factors of 1388913654.
2, 3, 53, 1979, 2207
List the prime factors of 3502999060.
2, 5, 11, 89, 178907
What are the prime